{"id":2565,"date":"2025-12-04T13:46:58","date_gmt":"2025-12-04T11:46:58","guid":{"rendered":"https:\/\/bk-site-amp104.top\/?page_id=2565"},"modified":"2025-12-04T13:46:58","modified_gmt":"2025-12-04T11:46:58","slug":"allgemeine-geschaeftsbedingungen","status":"publish","type":"page","link":"https:\/\/bk-site-amp104.top\/allgemeine-geschaeftsbedingungen\/","title":{"rendered":"Allgemeine Gesch\u00e4ftsbedingungen"},"content":{"rendered":"<h1>Allgemeine Gesch\u00e4ftsbedingungen<\/h1>\n<h2>Allgemeine Gesch\u00e4ftsbedingungen von Dolly Casino Deutschland<\/h2>\n<p>Willkommen bei Dolly Casino DE. Indem Sie auf unsere Plattform zugreifen und unsere Dienste nutzen, stimmen Sie den folgenden Allgemeinen Gesch\u00e4ftsbedingungen (AGB) zu. Bitte lesen Sie diese sorgf\u00e4ltig, da sie wichtige Informationen zu Ihren Rechten und Pflichten enthalten.<\/p>\n<h2>1. Registrierung und Kontozugang:<\/h2>\n<p>Um auf unsere Dienste zuzugreifen, m\u00fcssen Sie ein Konto erstellen. Sie m\u00fcssen wahre und vollst\u00e4ndige Angaben machen und sind daf\u00fcr verantwortlich, Ihre Kontodaten vertraulich zu behandeln.<\/p>\n<h2>2. Teilnahmebedingungen:<\/h2>\n<p>Das Spielen auf unserer Seite steht nur Personen zur Verf\u00fcgung, die das 18. Lebensjahr vollendet haben. Jeder Versto\u00df gegen diese Regel f\u00fchrt zur Sperrung des Kontos.<\/p>\n<h2>3. Zahlungen und Boni:<\/h2>\n<p>Alle Zahlungen werden gem\u00e4\u00df den jeweiligen Zahlungsmethoden durchgef\u00fchrt. Die Bonusbedingungen beinhalten bestimmte Anforderungen, die erf\u00fcllt werden m\u00fcssen, bevor Gewinne aus Boni abgehoben werden k\u00f6nnen.<\/p>\n<h2>4. Haftung und Verantwortung:<\/h2>\n<p>Dolly Casino DE \u00fcbernimmt keine Verantwortung f\u00fcr technische Probleme, die das Spielerlebnis beeintr\u00e4chtigen k\u00f6nnten. Spieler sind selbst verantwortlich, ihre Kontodaten und ihre Sicherheit zu gew\u00e4hrleisten.<\/p>\n<h2>5. Beendigung des Kontos:<\/h2>\n<p>Wir behalten uns das Recht vor, Konten, die gegen diese AGB versto\u00dfen, zu sperren oder zu k\u00fcndigen.<\/p>\n","protected":false},"excerpt":{"rendered":"<p>Allgemeine Gesch\u00e4ftsbedingungen Allgemeine Gesch\u00e4ftsbedingungen von Dolly Casino Deutschland Willkommen bei Dolly Casino DE. Indem Sie auf unsere Plattform zugreifen und unsere Dienste nutzen, stimmen Sie den folgenden Allgemeinen Gesch\u00e4ftsbedingungen (AGB) zu. Bitte lesen Sie diese sorgf\u00e4ltig, da sie wichtige Informationen zu Ihren Rechten und Pflichten enthalten. 1. Registrierung und Kontozugang: Um auf unsere Dienste zuzugreifen, [&hellip;]<\/p>\n","protected":false},"author":1,"featured_media":0,"parent":0,"menu_order":0,"comment_status":"closed","ping_status":"closed","template":"","meta":{"_acf_changed":false,"footnotes":""},"class_list":["post-2565","page","type-page","status-publish","hentry"],"acf":[],"yoast_head":"<!-- This site is optimized with the Yoast SEO plugin v27.1.1 - https:\/\/yoast.com\/product\/yoast-seo-wordpress\/ -->\n<title>Allgemeine Gesch\u00e4ftsbedingungen von Dolly Casino DE<\/title>\n<meta name=\"description\" content=\"Lesen Sie die Allgemeinen Gesch\u00e4ftsbedingungen von Dolly Casino Deutschland. Erfahren Sie alles \u00fcber Registrierung, Zahlungen, Boni und die Regeln f\u00fcr ein sicheres Spielerlebnis\" \/>\n<meta name=\"robots\" content=\"index, follow, max-snippet:-1, max-image-preview:large, max-video-preview:-1\" \/>\n<link rel=\"canonical\" href=\"https:\/\/bk-site-amp104.top\/allgemeine-geschaeftsbedingungen\/\" \/>\n<meta property=\"og:locale\" content=\"ru_RU\" \/>\n<meta property=\"og:type\" content=\"article\" \/>\n<meta property=\"og:title\" content=\"Allgemeine Gesch\u00e4ftsbedingungen von Dolly Casino DE\" \/>\n<meta property=\"og:description\" content=\"Lesen Sie die Allgemeinen Gesch\u00e4ftsbedingungen von Dolly Casino Deutschland. Erfahren Sie alles \u00fcber Registrierung, Zahlungen, Boni und die Regeln f\u00fcr ein sicheres Spielerlebnis\" \/>\n<meta property=\"og:url\" content=\"https:\/\/bk-site-amp104.top\/allgemeine-geschaeftsbedingungen\/\" \/>\n<meta property=\"og:site_name\" content=\"bk-site-amp104.top\" \/>\n<meta name=\"twitter:card\" content=\"summary_large_image\" \/>\n<meta name=\"twitter:label1\" content=\"\u041f\u0440\u0438\u043c\u0435\u0440\u043d\u043e\u0435 \u0432\u0440\u0435\u043c\u044f \u0434\u043b\u044f \u0447\u0442\u0435\u043d\u0438\u044f\" \/>\n\t<meta name=\"twitter:data1\" content=\"1 \u043c\u0438\u043d\u0443\u0442\u0430\" \/>\n<script type=\"application\/ld+json\" class=\"yoast-schema-graph\">{\"@context\":\"https:\/\/schema.org\",\"@graph\":[{\"@type\":\"WebPage\",\"@id\":\"https:\/\/bk-site-amp104.top\/allgemeine-geschaeftsbedingungen\/\",\"url\":\"https:\/\/bk-site-amp104.top\/allgemeine-geschaeftsbedingungen\/\",\"name\":\"Allgemeine Gesch\u00e4ftsbedingungen von Dolly Casino DE\",\"isPartOf\":{\"@id\":\"https:\/\/bk-site-amp104.top\/#website\"},\"datePublished\":\"2025-12-04T11:46:58+00:00\",\"description\":\"Lesen Sie die Allgemeinen Gesch\u00e4ftsbedingungen von Dolly Casino Deutschland. Erfahren Sie alles \u00fcber Registrierung, Zahlungen, Boni und die Regeln f\u00fcr ein sicheres Spielerlebnis\",\"breadcrumb\":{\"@id\":\"https:\/\/bk-site-amp104.top\/allgemeine-geschaeftsbedingungen\/#breadcrumb\"},\"inLanguage\":\"ru-RU\",\"potentialAction\":[{\"@type\":\"ReadAction\",\"target\":[\"https:\/\/bk-site-amp104.top\/allgemeine-geschaeftsbedingungen\/\"]}]},{\"@type\":\"BreadcrumbList\",\"@id\":\"https:\/\/bk-site-amp104.top\/allgemeine-geschaeftsbedingungen\/#breadcrumb\",\"itemListElement\":[{\"@type\":\"ListItem\",\"position\":1,\"name\":\"\u0413\u043b\u0430\u0432\u043d\u0430\u044f \u0441\u0442\u0440\u0430\u043d\u0438\u0446\u0430\",\"item\":\"https:\/\/bk-site-amp104.top\/\"},{\"@type\":\"ListItem\",\"position\":2,\"name\":\"Allgemeine Gesch\u00e4ftsbedingungen\"}]},{\"@type\":\"WebSite\",\"@id\":\"https:\/\/bk-site-amp104.top\/#website\",\"url\":\"https:\/\/bk-site-amp104.top\/\",\"name\":\"bk-site-amp104.top\",\"description\":\"\",\"potentialAction\":[{\"@type\":\"SearchAction\",\"target\":{\"@type\":\"EntryPoint\",\"urlTemplate\":\"https:\/\/bk-site-amp104.top\/?s={search_term_string}\"},\"query-input\":{\"@type\":\"PropertyValueSpecification\",\"valueRequired\":true,\"valueName\":\"search_term_string\"}}],\"inLanguage\":\"ru-RU\"}]}<\/script>\n<!-- \/ Yoast SEO plugin. -->","yoast_head_json":{"title":"Allgemeine Gesch\u00e4ftsbedingungen von Dolly Casino DE","description":"Lesen Sie die Allgemeinen Gesch\u00e4ftsbedingungen von Dolly Casino Deutschland. Erfahren Sie alles \u00fcber Registrierung, Zahlungen, Boni und die Regeln f\u00fcr ein sicheres Spielerlebnis","robots":{"index":"index","follow":"follow","max-snippet":"max-snippet:-1","max-image-preview":"max-image-preview:large","max-video-preview":"max-video-preview:-1"},"canonical":"https:\/\/bk-site-amp104.top\/allgemeine-geschaeftsbedingungen\/","og_locale":"ru_RU","og_type":"article","og_title":"Allgemeine Gesch\u00e4ftsbedingungen von Dolly Casino DE","og_description":"Lesen Sie die Allgemeinen Gesch\u00e4ftsbedingungen von Dolly Casino Deutschland. Erfahren Sie alles \u00fcber Registrierung, Zahlungen, Boni und die Regeln f\u00fcr ein sicheres Spielerlebnis","og_url":"https:\/\/bk-site-amp104.top\/allgemeine-geschaeftsbedingungen\/","og_site_name":"bk-site-amp104.top","twitter_card":"summary_large_image","twitter_misc":{"\u041f\u0440\u0438\u043c\u0435\u0440\u043d\u043e\u0435 \u0432\u0440\u0435\u043c\u044f \u0434\u043b\u044f \u0447\u0442\u0435\u043d\u0438\u044f":"1 \u043c\u0438\u043d\u0443\u0442\u0430"},"schema":{"@context":"https:\/\/schema.org","@graph":[{"@type":"WebPage","@id":"https:\/\/bk-site-amp104.top\/allgemeine-geschaeftsbedingungen\/","url":"https:\/\/bk-site-amp104.top\/allgemeine-geschaeftsbedingungen\/","name":"Allgemeine Gesch\u00e4ftsbedingungen von Dolly Casino DE","isPartOf":{"@id":"https:\/\/bk-site-amp104.top\/#website"},"datePublished":"2025-12-04T11:46:58+00:00","description":"Lesen Sie die Allgemeinen Gesch\u00e4ftsbedingungen von Dolly Casino Deutschland. Erfahren Sie alles \u00fcber Registrierung, Zahlungen, Boni und die Regeln f\u00fcr ein sicheres Spielerlebnis","breadcrumb":{"@id":"https:\/\/bk-site-amp104.top\/allgemeine-geschaeftsbedingungen\/#breadcrumb"},"inLanguage":"ru-RU","potentialAction":[{"@type":"ReadAction","target":["https:\/\/bk-site-amp104.top\/allgemeine-geschaeftsbedingungen\/"]}]},{"@type":"BreadcrumbList","@id":"https:\/\/bk-site-amp104.top\/allgemeine-geschaeftsbedingungen\/#breadcrumb","itemListElement":[{"@type":"ListItem","position":1,"name":"\u0413\u043b\u0430\u0432\u043d\u0430\u044f \u0441\u0442\u0440\u0430\u043d\u0438\u0446\u0430","item":"https:\/\/bk-site-amp104.top\/"},{"@type":"ListItem","position":2,"name":"Allgemeine Gesch\u00e4ftsbedingungen"}]},{"@type":"WebSite","@id":"https:\/\/bk-site-amp104.top\/#website","url":"https:\/\/bk-site-amp104.top\/","name":"bk-site-amp104.top","description":"","potentialAction":[{"@type":"SearchAction","target":{"@type":"EntryPoint","urlTemplate":"https:\/\/bk-site-amp104.top\/?s={search_term_string}"},"query-input":{"@type":"PropertyValueSpecification","valueRequired":true,"valueName":"search_term_string"}}],"inLanguage":"ru-RU"}]}},"amp_enabled":true,"_links":{"self":[{"href":"https:\/\/bk-site-amp104.top\/wp-json\/wp\/v2\/pages\/2565","targetHints":{"allow":["GET"]}}],"collection":[{"href":"https:\/\/bk-site-amp104.top\/wp-json\/wp\/v2\/pages"}],"about":[{"href":"https:\/\/bk-site-amp104.top\/wp-json\/wp\/v2\/types\/page"}],"author":[{"embeddable":true,"href":"https:\/\/bk-site-amp104.top\/wp-json\/wp\/v2\/users\/1"}],"replies":[{"embeddable":true,"href":"https:\/\/bk-site-amp104.top\/wp-json\/wp\/v2\/comments?post=2565"}],"version-history":[{"count":1,"href":"https:\/\/bk-site-amp104.top\/wp-json\/wp\/v2\/pages\/2565\/revisions"}],"predecessor-version":[{"id":2566,"href":"https:\/\/bk-site-amp104.top\/wp-json\/wp\/v2\/pages\/2565\/revisions\/2566"}],"wp:attachment":[{"href":"https:\/\/bk-site-amp104.top\/wp-json\/wp\/v2\/media?parent=2565"}],"curies":[{"name":"wp","href":"https:\/\/api.w.org\/{rel}","templated":true}]}}