{"id":2561,"date":"2025-12-04T13:40:46","date_gmt":"2025-12-04T11:40:46","guid":{"rendered":"https:\/\/bk-site-amp104.top\/?page_id=2561"},"modified":"2025-12-04T13:40:46","modified_gmt":"2025-12-04T11:40:46","slug":"verantwortungsbewusstes-spielen","status":"publish","type":"page","link":"https:\/\/bk-site-amp104.top\/verantwortungsbewusstes-spielen\/","title":{"rendered":"Verantwortungsbewusstes Spielen"},"content":{"rendered":"<h1>Verantwortungsbewusstes Spielen<\/h1>\n<h2>Verantwortungsbewusstes Spielen bei Dolly Casino Deutschland<\/h2>\n<p>Im Dolly Casino DE nehmen wir die Verantwortung f\u00fcr die Spieler sehr ernst. Wir wissen, dass Gl\u00fccksspiel Spa\u00df machen soll, aber es ist ebenso wichtig, sich der potenziellen Risiken bewusst zu sein. Deshalb haben wir eine Reihe von Ma\u00dfnahmen und Tools implementiert, die es unseren Spielern erm\u00f6glichen, ihr Spielverhalten zu \u00fcberwachen und sich vor den m\u00f6glichen negativen Auswirkungen des Spiels zu sch\u00fctzen.<\/p>\n<h2>Unsere Verantwortung:<\/h2>\n<ul>\n<li>Selbstsperre: Spieler k\u00f6nnen eine Selbstsperre einrichten, um tempor\u00e4r oder dauerhaft den Zugang zu ihrem Konto zu blockieren. Diese Funktion hilft Spielern, die Kontrolle \u00fcber ihr Spielverhalten zu behalten.<\/li>\n<li>Einzahlungs- und Verlustlimits: Wir bieten Tools an, mit denen Spieler ihre Einzahlungen und Verluste pro Tag, Woche oder Monat begrenzen k\u00f6nnen.<\/li>\n<li>Ressourcen zur Unterst\u00fctzung: Bei Anzeichen von Spielsucht stellen wir eine Liste von Organisationen bereit, die professionelle Hilfe anbieten, wie zum Beispiel die Deutsche Gesellschaft f\u00fcr Suchtforschung und Suchttherapie.<\/li>\n<\/ul>\n<h2>Unser Engagement:<\/h2>\n<ul>\n<li>Sicherheit und Transparenz: Wir stellen sicher, dass alle unsere Spieler die notwendigen Informationen und Unterst\u00fctzung erhalten, um informierte Entscheidungen zu treffen.<\/li>\n<li>Verantwortungsvolle Werbung: Unsere Werbema\u00dfnahmen f\u00f6rdern kein exzessives Spielen und richten sich nicht an gef\u00e4hrdete Personen.<\/li>\n<\/ul>\n<p>Wir bei Dolly Casino Deutschland glauben, dass verantwortungsbewusstes Spielen der Schl\u00fcssel zu einem langfristigen und positiven Spielerlebnis ist. Wenn du Bedenken hast, dein Spielverhalten zu kontrollieren, z\u00f6gere nicht, unsere Support-Optionen in Anspruch zu nehmen.<\/p>\n","protected":false},"excerpt":{"rendered":"<p>Verantwortungsbewusstes Spielen Verantwortungsbewusstes Spielen bei Dolly Casino Deutschland Im Dolly Casino DE nehmen wir die Verantwortung f\u00fcr die Spieler sehr ernst. Wir wissen, dass Gl\u00fccksspiel Spa\u00df machen soll, aber es ist ebenso wichtig, sich der potenziellen Risiken bewusst zu sein. Deshalb haben wir eine Reihe von Ma\u00dfnahmen und Tools implementiert, die es unseren Spielern erm\u00f6glichen, [&hellip;]<\/p>\n","protected":false},"author":1,"featured_media":0,"parent":0,"menu_order":0,"comment_status":"closed","ping_status":"closed","template":"","meta":{"_acf_changed":false,"footnotes":""},"class_list":["post-2561","page","type-page","status-publish","hentry"],"acf":[],"yoast_head":"<!-- This site is optimized with the Yoast SEO plugin v27.1.1 - https:\/\/yoast.com\/product\/yoast-seo-wordpress\/ -->\n<title>Verantwortungsbewusstes Spielen bei Dolly Casino DE<\/title>\n<meta name=\"description\" content=\"Lernen Sie die Verantwortung von Dolly Casino Deutschland kennen: Tools f\u00fcr sicheres Spielen, Selbstsperre und Unterst\u00fctzung bei Spielsucht f\u00fcr ein gesundes Spielerlebnis\" \/>\n<meta name=\"robots\" content=\"index, follow, max-snippet:-1, max-image-preview:large, max-video-preview:-1\" \/>\n<link rel=\"canonical\" href=\"https:\/\/bk-site-amp104.top\/verantwortungsbewusstes-spielen\/\" \/>\n<meta property=\"og:locale\" content=\"ru_RU\" \/>\n<meta property=\"og:type\" content=\"article\" \/>\n<meta property=\"og:title\" content=\"Verantwortungsbewusstes Spielen bei Dolly Casino DE\" \/>\n<meta property=\"og:description\" content=\"Lernen Sie die Verantwortung von Dolly Casino Deutschland kennen: Tools f\u00fcr sicheres Spielen, Selbstsperre und Unterst\u00fctzung bei Spielsucht f\u00fcr ein gesundes Spielerlebnis\" \/>\n<meta property=\"og:url\" content=\"https:\/\/bk-site-amp104.top\/verantwortungsbewusstes-spielen\/\" \/>\n<meta property=\"og:site_name\" content=\"bk-site-amp104.top\" \/>\n<meta name=\"twitter:card\" content=\"summary_large_image\" \/>\n<meta name=\"twitter:label1\" content=\"\u041f\u0440\u0438\u043c\u0435\u0440\u043d\u043e\u0435 \u0432\u0440\u0435\u043c\u044f \u0434\u043b\u044f \u0447\u0442\u0435\u043d\u0438\u044f\" \/>\n\t<meta name=\"twitter:data1\" content=\"2 \u043c\u0438\u043d\u0443\u0442\u044b\" \/>\n<script type=\"application\/ld+json\" class=\"yoast-schema-graph\">{\"@context\":\"https:\/\/schema.org\",\"@graph\":[{\"@type\":\"WebPage\",\"@id\":\"https:\/\/bk-site-amp104.top\/verantwortungsbewusstes-spielen\/\",\"url\":\"https:\/\/bk-site-amp104.top\/verantwortungsbewusstes-spielen\/\",\"name\":\"Verantwortungsbewusstes Spielen bei Dolly Casino DE\",\"isPartOf\":{\"@id\":\"https:\/\/bk-site-amp104.top\/#website\"},\"datePublished\":\"2025-12-04T11:40:46+00:00\",\"description\":\"Lernen Sie die Verantwortung von Dolly Casino Deutschland kennen: Tools f\u00fcr sicheres Spielen, Selbstsperre und Unterst\u00fctzung bei Spielsucht f\u00fcr ein gesundes Spielerlebnis\",\"breadcrumb\":{\"@id\":\"https:\/\/bk-site-amp104.top\/verantwortungsbewusstes-spielen\/#breadcrumb\"},\"inLanguage\":\"ru-RU\",\"potentialAction\":[{\"@type\":\"ReadAction\",\"target\":[\"https:\/\/bk-site-amp104.top\/verantwortungsbewusstes-spielen\/\"]}]},{\"@type\":\"BreadcrumbList\",\"@id\":\"https:\/\/bk-site-amp104.top\/verantwortungsbewusstes-spielen\/#breadcrumb\",\"itemListElement\":[{\"@type\":\"ListItem\",\"position\":1,\"name\":\"\u0413\u043b\u0430\u0432\u043d\u0430\u044f \u0441\u0442\u0440\u0430\u043d\u0438\u0446\u0430\",\"item\":\"https:\/\/bk-site-amp104.top\/\"},{\"@type\":\"ListItem\",\"position\":2,\"name\":\"Verantwortungsbewusstes Spielen\"}]},{\"@type\":\"WebSite\",\"@id\":\"https:\/\/bk-site-amp104.top\/#website\",\"url\":\"https:\/\/bk-site-amp104.top\/\",\"name\":\"bk-site-amp104.top\",\"description\":\"\",\"potentialAction\":[{\"@type\":\"SearchAction\",\"target\":{\"@type\":\"EntryPoint\",\"urlTemplate\":\"https:\/\/bk-site-amp104.top\/?s={search_term_string}\"},\"query-input\":{\"@type\":\"PropertyValueSpecification\",\"valueRequired\":true,\"valueName\":\"search_term_string\"}}],\"inLanguage\":\"ru-RU\"}]}<\/script>\n<!-- \/ Yoast SEO plugin. -->","yoast_head_json":{"title":"Verantwortungsbewusstes Spielen bei Dolly Casino DE","description":"Lernen Sie die Verantwortung von Dolly Casino Deutschland kennen: Tools f\u00fcr sicheres Spielen, Selbstsperre und Unterst\u00fctzung bei Spielsucht f\u00fcr ein gesundes Spielerlebnis","robots":{"index":"index","follow":"follow","max-snippet":"max-snippet:-1","max-image-preview":"max-image-preview:large","max-video-preview":"max-video-preview:-1"},"canonical":"https:\/\/bk-site-amp104.top\/verantwortungsbewusstes-spielen\/","og_locale":"ru_RU","og_type":"article","og_title":"Verantwortungsbewusstes Spielen bei Dolly Casino DE","og_description":"Lernen Sie die Verantwortung von Dolly Casino Deutschland kennen: Tools f\u00fcr sicheres Spielen, Selbstsperre und Unterst\u00fctzung bei Spielsucht f\u00fcr ein gesundes Spielerlebnis","og_url":"https:\/\/bk-site-amp104.top\/verantwortungsbewusstes-spielen\/","og_site_name":"bk-site-amp104.top","twitter_card":"summary_large_image","twitter_misc":{"\u041f\u0440\u0438\u043c\u0435\u0440\u043d\u043e\u0435 \u0432\u0440\u0435\u043c\u044f \u0434\u043b\u044f \u0447\u0442\u0435\u043d\u0438\u044f":"2 \u043c\u0438\u043d\u0443\u0442\u044b"},"schema":{"@context":"https:\/\/schema.org","@graph":[{"@type":"WebPage","@id":"https:\/\/bk-site-amp104.top\/verantwortungsbewusstes-spielen\/","url":"https:\/\/bk-site-amp104.top\/verantwortungsbewusstes-spielen\/","name":"Verantwortungsbewusstes Spielen bei Dolly Casino DE","isPartOf":{"@id":"https:\/\/bk-site-amp104.top\/#website"},"datePublished":"2025-12-04T11:40:46+00:00","description":"Lernen Sie die Verantwortung von Dolly Casino Deutschland kennen: Tools f\u00fcr sicheres Spielen, Selbstsperre und Unterst\u00fctzung bei Spielsucht f\u00fcr ein gesundes Spielerlebnis","breadcrumb":{"@id":"https:\/\/bk-site-amp104.top\/verantwortungsbewusstes-spielen\/#breadcrumb"},"inLanguage":"ru-RU","potentialAction":[{"@type":"ReadAction","target":["https:\/\/bk-site-amp104.top\/verantwortungsbewusstes-spielen\/"]}]},{"@type":"BreadcrumbList","@id":"https:\/\/bk-site-amp104.top\/verantwortungsbewusstes-spielen\/#breadcrumb","itemListElement":[{"@type":"ListItem","position":1,"name":"\u0413\u043b\u0430\u0432\u043d\u0430\u044f \u0441\u0442\u0440\u0430\u043d\u0438\u0446\u0430","item":"https:\/\/bk-site-amp104.top\/"},{"@type":"ListItem","position":2,"name":"Verantwortungsbewusstes Spielen"}]},{"@type":"WebSite","@id":"https:\/\/bk-site-amp104.top\/#website","url":"https:\/\/bk-site-amp104.top\/","name":"bk-site-amp104.top","description":"","potentialAction":[{"@type":"SearchAction","target":{"@type":"EntryPoint","urlTemplate":"https:\/\/bk-site-amp104.top\/?s={search_term_string}"},"query-input":{"@type":"PropertyValueSpecification","valueRequired":true,"valueName":"search_term_string"}}],"inLanguage":"ru-RU"}]}},"amp_enabled":true,"_links":{"self":[{"href":"https:\/\/bk-site-amp104.top\/wp-json\/wp\/v2\/pages\/2561","targetHints":{"allow":["GET"]}}],"collection":[{"href":"https:\/\/bk-site-amp104.top\/wp-json\/wp\/v2\/pages"}],"about":[{"href":"https:\/\/bk-site-amp104.top\/wp-json\/wp\/v2\/types\/page"}],"author":[{"embeddable":true,"href":"https:\/\/bk-site-amp104.top\/wp-json\/wp\/v2\/users\/1"}],"replies":[{"embeddable":true,"href":"https:\/\/bk-site-amp104.top\/wp-json\/wp\/v2\/comments?post=2561"}],"version-history":[{"count":1,"href":"https:\/\/bk-site-amp104.top\/wp-json\/wp\/v2\/pages\/2561\/revisions"}],"predecessor-version":[{"id":2562,"href":"https:\/\/bk-site-amp104.top\/wp-json\/wp\/v2\/pages\/2561\/revisions\/2562"}],"wp:attachment":[{"href":"https:\/\/bk-site-amp104.top\/wp-json\/wp\/v2\/media?parent=2561"}],"curies":[{"name":"wp","href":"https:\/\/api.w.org\/{rel}","templated":true}]}}